10
Let z = 20589 - 20435. Let v(o) = 13*o + 1. Let b be v(1). What is the greatest common divisor of z and b?
14
Let b be -1*4 + 0 - (71 + -180). Suppose -3*o + b = 4*d, 2*o - 2*d - 70 = d. What is the highest common factor of 7 and o?
7
Suppose -1425 = -54*r + 1221. Calculate the highest common factor of r and 2891.
49
Let v(u) = u**2 + u - 2. Let a be v(3). Suppose 0*p = -8*p + 16*p - 160. What is the greatest common divisor of a and p?
10
Suppose 2*x + 14 = 4*i, -5*x - i - 2*i + 17 = 0. Suppose 18*k = 19*k + j, 0 = -3*k + 3*j + 18. What is the highest common factor of k and x?
1
Suppose 182*t - 181*t - 194 = 5*r, -5*r = 2*t - 358. What is the greatest common factor of 2392 and t?
184
Suppose 3*m + 5*s - 144 = 0, -s = -2*m + 56 + 66. Calculate the highest common factor of m and 87.
29
Suppose -19*s + 155 = -16. Suppose -3375 = 38*c - 53*c. Calculate the highest common factor of s and c.
9
Suppose -4302 = -5*o + k, 4*k = 315*o - 317*o + 1712. What is the highest common factor of 30 and o?
10
Let x(a) = a**3 + 86*a**2 - 177*a + 162. Let l be x(-88). What is the greatest common divisor of l and 110?
10
Let i(s) be the first derivative of 30*s - 18 + 25/2*s**2. Let a be i(6). What is the highest common divisor of 20 and a?
20
Let w = -1307 - -1586. What is the greatest common factor of 3 and w?
3
Let q(n) = -161*n**2 - 17*n - 31 + 74 + 162*n**2 + 3*n. Let s be q(4). What is the greatest common divisor of 72 and s?
3
Suppose -5*n + 22 = -28. Suppose 0 = v + 6 - n. Suppose -2*x + 5*m - 5 = 0, 2*x - m = 6*x - 45. Calculate the greatest common factor of x and v.
2
Suppose j + 0*k - 7 = -2*k, 2*j - 24 = k. Let h = -30 - -42. Suppose -2*o = -10 - h. Calculate the highest common factor of o and j.
11
Suppose -37*w = -17*w - 1100. Calculate the highest common divisor of w and 220.
55
Let f(x) = 2*x**3 - 6*x**2 - 5*x + 8. Let v be f(6). Let o(y) = -50*y**2 + 1662*y - 105. Let c be o(33). What is the highest common factor of v and c?
97
Suppose -39*y + 55*y - 68112 = 0. What is the greatest common divisor of y and 198?
99
Let h = 14704 - 14664. Let v = 5 - -3. Calculate the highest common divisor of h and v.
8
Suppose 0 = -u + 196 + 93. Suppose -5151 - u = 4*j. Let p be 2*(-1)/3 - j/24. Calculate the highest common factor of p and 7.
7
Let d = -138 + 110. Let g be (-10 - d)/(1 + 1). Let q be 165/10 + g/(-6). Calculate the highest common factor of q and 35.
5
Suppose -4*u + 21 = -5*t, 3*u + 2 = 14. Let q = -7 - -4. Let z be 5 - (1 - (q - t)). Calculate the highest common factor of z and 20.
2
Let i be 33150/169 - 2*(-4)/(-52). What is the highest common divisor of i and 1988?
28
Let d(z) = -z**3 + 112. Let u be d(0). Suppose -11*v = -9*v + 220. Let r be (-5)/(v/4) - 456/(-33). Calculate the greatest common divisor of u and r.
14
Let c(j) = 219*j**2 + 1. Let k be c(-1). Suppose -49*y = -50*y + k. Calculate the greatest common factor of 22 and y.
22
Suppose -174 = -4*x - 2*u, 2*u = -x - 21 + 63. What is the greatest common factor of x and 162?
2
Let f be 2 - (-25 + (5 - 8) + -2). Suppose 1368 + 1832 = f*c. What is the greatest common factor of 40 and c?
20
Suppose 14*a - 13*a + r = 33, 5*r = a - 69. What is the highest common factor of 1157 and a?
13
Suppose 0 = 10*f - 58824 - 6486. Calculate the greatest common factor of 21 and f.
21
Let j be 2/(-12) + (-4588)/(-24). Suppose -6*c + c - 2*b + 199 = 0, 5*c - 2*b = j. Suppose 3*v + 38 = 116. Calculate the highest common divisor of v and c.
13
Let n = -2867 + 2907. Calculate the highest common divisor of 2500 and n.
20
Let a = 27 - 14. Let m(t) = 4*t**3 + 10*t**2 + 2*t - 3. Let z be m(-2). What is the highest common factor of a and z?
1
Let s(j) = 61*j. Let q be s(3). Let y = -156 + q. Suppose 0 = -d - 0*d + 54. Calculate the greatest common factor of y and d.
27
Let z be (-7 + 124/(-8))*((-98)/21 - -4). Calculate the highest common factor of z and 32.
1
Let r(a) = -a**3 + 70*a**2 - 44*a - 31. Let g be r(69). Calculate the highest common divisor of g and 1331.
121
Let m = -377 - -382. Suppose h = -4*h + 5*n + 10, -19 = -m*h + 2*n. Let f = 104 + -54. What is the greatest common factor of h and f?
5
Suppose 0 = 4*g - 5*i + 28, -15*g = -11*g + 5*i - 12. Let n be 4 + g - (-54)/1. Calculate the highest common factor of n and 8.
8
Suppose 85 = -10*r + 27*r. Suppose -r*b = 3*i - 264, 5*b - 261 = -6*i + 4*i. Calculate the highest common divisor of b and 34.
17
Let m be (-3)/((3/601)/(-1)). Suppose 4*v = -57 + m. Suppose -3*x + 4*l + 0*l = -v, -2*l - 168 = -4*x. What is the highest common factor of x and 5?
5
Let w be 7/(-21)*-15 - -22. Let p be -1 + (-353)/(-8) + w/(-216). Calculate the greatest common factor of p and 688.
43
Let x be 2/(-8) + (-518)/(-56). Let l be (-35430)/(-54) + (-1)/x. What is the highest common factor of 16 and l?
16
Let h(p) = -p**2 - p + 27. Let i be h(0). Let r(f) = -f**3 - 9*f**2 - 12*f - 90. Let k be r(-9). Calculate the greatest common divisor of i and k.
9
Suppose -32*w = -30*w - 120. Suppose -4*y = i + 20 - 0, -3*i + 2*y - 18 = 0. Let d = 12 - i. Calculate the highest common factor of d and w.
20
Suppose -t = 5*l - 8, 5*t - 4*l - 11 = -0. Suppose 0 = 2*j + t*a - 4*a - 244, 0 = -2*a + 8. What is the greatest common factor of j and 8?
4
Let j be (-2)/(-2) - (-5 - 12/(-3)). Suppose -j*k + 258 = 3*f + f, 2*f + 5*k = 125. Calculate the highest common factor of 52 and f.
13
Suppose 0 = 6*n + n - 896. Let z = n - 230. Let k be ((-10)/6)/(85/z). Calculate the highest common divisor of 8 and k.
2
Suppose -51*i + 569 = -1216. Let p be -1 + (8 + 1 - 3) + i. Calculate the highest common divisor of 104 and p.
8
Suppose -34 = -2*h - 5*p, 4*h = -3*p + 34 + 6. Suppose h = -2*l - 17. Let a be -3 + 1 + (-4 - l). Calculate the greatest common factor of a and 18.
6
Let x = -120 + 122. Suppose x*q - 56 = -m, -25*q + 77 = -22*q - 2*m. What is the greatest common divisor of q and 72?
9
Let d(l) be the first derivative of -5*l**2/2 + 33*l - 253. Let w be d(2). What is the highest common divisor of 92 and w?
23
Let b(u) be the first derivative of u**2 + 7*u + 2. Let y be b(5). Suppose 5*z - 514 - 421 = 0. What is the greatest common factor of y and z?
17
Let m be (2 - (-3)/12) + 45/60. Suppose -m*v + 176 + 184 = 0. Calculate the highest common factor of 40 and v.
40
Suppose 683 = -4*k + 4*d + 963, 138 = 2*k - 4*d. What is the highest common factor of k and 284?
71
Let t be (-6)/21 + (-4)/(-14). Suppose t = 15*b - 5*b - 1470. Suppose 5*i - 1085 = -3*a, -5*i = -2*a - 1257 + b. What is the highest common factor of i and 20?
20
Suppose -q = -115 - 75. Let p = -3952 - -3990. What is the greatest common factor of q and p?
38
Let n(v) = 2*v**2 - 4*v + 2. Let b be n(4). Suppose -g = -q + 27 - 285, -1027 = -4*g - q. Let m = 401 - g. What is the highest common divisor of b and m?
18
Let l = -16 - 3. Let v = 21 + l. Suppose -v*y + 4*d = -4*y + 298, -3*y + 437 = -4*d. Calculate the highest common factor of y and 21.
21
Let z = -20560 + 20582. What is the highest common factor of z and 14146?
22
Let j be (-830)/(-20) + (-4)/(-16)*-6. What is the highest common factor of 990 and j?
10
Let d be (-52)/(-4) + -6 + 11. Let z be 81/15 - 2/5. Suppose 0 = -z*m + 4*w + 14, -m = 2*m + 2*w - 26. What is the greatest common factor of d and m?
6
Suppose 2*l - 5*w = 532, 0 = l + w - 67 - 192. Let m = 91363 - 91327. Calculate the greatest common factor of m and l.
9
Let u be 276 + 4/(-2) + -2. Suppose 341 - 256 = 5*r. What is the highest common divisor of u and r?
17
Let x(s) = 1590*s**3 - 2*s**2 + 1584*s**3 + 7 - 3173*s**3 - 28*s. Let c be x(9). What is the highest common divisor of c and 98?
14
Let v(l) = -697*l + 8379. Let g be v(12). Calculate the greatest common divisor of g and 4300.
5
Suppose -18 + 22 = 2*g. Let m(y) = 7 + 33*y**g - 5 - 8 - 8*y**2 + 8*y. Let u be m(-3). Calculate the highest common divisor of 15 and u.
15
Let l(v) = -v + 23. Let b be l(-7). Suppose -2*n + 0*x + 9188 = 3*x, -x = 2*n - 9180. Let c be 44/374 - n/(-17). What is the highest common divisor of b and c?
30
Let m be 1 - 0 - -1 - -1. Suppose -8 = 4*g, m*p + 0*g = 2*g + 361. Suppose 4*w - 593 = -5*k, -k + w = 2*w - p. What is the greatest common factor of k and 13?
13
Suppose -34*m = -36*m + 4. Let r be ((-4)/(-3))/((-9)/(-27)). Let w = r - m. Calculate th